{"id":8287,"date":"2026-03-12T10:28:31","date_gmt":"2026-03-12T10:28:31","guid":{"rendered":"https:\/\/seafood.ie\/?post_type=product&#038;p=8287"},"modified":"2026-03-13T13:23:41","modified_gmt":"2026-03-13T13:23:41","slug":"goatsbridge-trout-pate","status":"publish","type":"product","link":"https:\/\/seafood.ie\/product\/goatsbridge-trout-pate\/","title":{"rendered":"Trout P\u00e2t\u00e9 &#8211; Goatsbridge"},"content":{"rendered":"<p>Goatsbridge Trout P\u00e2t\u00e9, crafted by one of Ireland&#8217;s most celebrated artisan producers and available at just \u20ac3.50, delivering a luxuriously smooth, rich and creamy p\u00e2t\u00e9 made from the finest Irish trout with a beautifully delicate flavour that is simply irresistible. Perfect spread generously on warm toast, crusty bread or crackers as an elegant starter, sophisticated snack or impressive addition to any seafood sharing board.<\/p>\n","protected":false},"excerpt":{"rendered":"<p>Goatsbridge Trout P\u00e2t\u00e9, crafted by one of Ireland&#8217;s most celebrated artisan producers and available at just \u20ac3.50, delivering a luxuriously smooth, rich and creamy p\u00e2t\u00e9 made from the finest Irish trout with a beautifully delicate flavour that is simply irresistible. Perfect spread generously on warm toast, crusty bread or crackers as an elegant starter, sophisticated [&hellip;]<\/p>\n","protected":false},"featured_media":8382,"comment_status":"open","ping_status":"closed","template":"","meta":[],"product_brand":[],"product_cat":[78],"product_tag":[],"class_list":{"0":"post-8287","1":"product","2":"type-product","3":"status-publish","4":"has-post-thumbnail","6":"product_cat-larder","8":"first","9":"instock","10":"shipping-taxable","11":"purchasable","12":"product-type-simple"},"_links":{"self":[{"href":"https:\/\/seafood.ie\/wp-json\/wp\/v2\/product\/8287","targetHints":{"allow":["GET"]}}],"collection":[{"href":"https:\/\/seafood.ie\/wp-json\/wp\/v2\/product"}],"about":[{"href":"https:\/\/seafood.ie\/wp-json\/wp\/v2\/types\/product"}],"replies":[{"embeddable":true,"href":"https:\/\/seafood.ie\/wp-json\/wp\/v2\/comments?post=8287"}],"wp:featuredmedia":[{"embeddable":true,"href":"https:\/\/seafood.ie\/wp-json\/wp\/v2\/media\/8382"}],"wp:attachment":[{"href":"https:\/\/seafood.ie\/wp-json\/wp\/v2\/media?parent=8287"}],"wp:term":[{"taxonomy":"product_brand","embeddable":true,"href":"https:\/\/seafood.ie\/wp-json\/wp\/v2\/product_brand?post=8287"},{"taxonomy":"product_cat","embeddable":true,"href":"https:\/\/seafood.ie\/wp-json\/wp\/v2\/product_cat?post=8287"},{"taxonomy":"product_tag","embeddable":true,"href":"https:\/\/seafood.ie\/wp-json\/wp\/v2\/product_tag?post=8287"}],"curies":[{"name":"wp","href":"https:\/\/api.w.org\/{rel}","templated":true}]}}